Let g(x) be the third derivative of x**6/120 + x**5/10 - 7*x**4/24 + 2*x**3/3 - 15*x**2. Calculate g(d).
4
Let o(v) = v**3 - 6*v**2 + 3*v + 10. Let r be o(5). Suppose -2*z + 28 = 3*z - 2*d, r = z - 4*d - 2. Let s(f) = f - 6. Determine s(z).
0
Suppose 0 = -3*m + 4*m - 3. Suppose -m*w = 2*w - 190. Let d be w/6 - 2/6. Let y(p) = -p**3 + 7*p**2 - 6*p - 2. Give y(d).
-2
Let n(a) = a**3 + 5*a**2 + 5*a. Suppose 4*d - 2*d = 106. Let q = 49 - d. Determine n(q).
-4
Let i(h) = 38*h**3 - 6*h + 5. Let x be i(1). Let m(r) = -8 - 37*r - x*r + 72*r. Let v be -3*6/9*-3. Determine m(v).
-20
Let l = -26 + 16. Let k be 1*-2*l/20. Let d(r) = -k - 2*r + 0*r**2 + 3 - 4*r**2 + 5*r**2. Calculate d(3).
5
Suppose 0 = -2*j - 0*j + 6. Let u = -31 - -34. Let x(h) = -3*h**3 + 14 - 12 - 3*h**2 + 4*h**u + 3*h. What is x(j)?
11
Let j(n) be the second derivative of -n**4/12 - 17*n**3/6 - 15*n**2/2 + n + 184. Give j(-16).
1
Let c be (45/(-10) - 1)*-2. Let g be (-9)/c + 4/(-22). Let m(k) = -2*k + 1. Calculate m(g).
3
Let l(o) be the second derivative of o**4/12 + 5*o**3/6 - 6*o**2 + 5*o - 20. Calculate l(-5).
-12
Let n(z) = -14*z + 22*z - 9*z + 1 + 5. Determine n(8).
-2
Let i(y) = y**3 + y**2 - 11*y - 2. Let o be i(-4). Let d(x) = 2*x + 24. Give d(o).
12
Let a(z) = -6*z. Let m be a(-1). Suppose -c + m*c = 10. Let v(l) = -4*l**c - 21*l - l**3 - 19*l + 7 + 45*l. Give v(-5).
7
Let v(j) = 3*j**3 + 8*j**2 - j + 11. Let r(k) = 5*k**3 + 14*k**2 - 2*k + 22. Let b(z) = -4*r(z) + 7*v(z). What is b(0)?
-11
Let y(z) = -2 - 3 - 2 - z + 5. Suppose -4*s + 2*p = 7*p + 34, -12 = s + 3*p. Calculate y(s).
4
Let q(f) be the first derivative of 5*f**2/2 - 2*f - 1. Let o = 739 - 742. Determine q(o).
-17
Let h(j) = 623*j**2 - 6 - 7*j + 614*j**2 - 1236*j**2. Determine h(7).
-6
Suppose 0 = -m - 0*m - 6. Let g(t) = 3*t + 8. Let x be g(m). Let h be (-12)/3*(-5)/x. Let c(q) = -q**3 - 2*q**2 - 2. What is c(h)?
-2
Let s(g) = 7*g. Suppose -10*a - 25 = -15*a. Suppose h = -1, -5*o - 3*h = -3*o + a. Give s(o).
-7
Let j(h) = 5*h + 3. Let a = -223 - -221. What is j(a)?
-7
Let p(w) be the first derivative of -6*w - 1/3*w**3 + 4*w**2 - 8. Determine p(5).
9
Let w(v) = -v**2 + 5*v - 3. Let o(l) = -2*l**2 + 6*l - 5. Let q(i) = 2*o(i) - 3*w(i). Determine q(-5).
-11
Let i(l) = -l**2 - 8*l + 9. Suppose -135*w = -134*w + 8. Give i(w).
9
Suppose 0 = -42*g - 33*g + 150. Let c(f) = -f**3 + f**2 + 2*f. Calculate c(g).
0
Let v(r) = -r**2 - 8*r + 5. Let u = -136 - -139. Let t be 2/((-51)/105 + u/15). What is v(t)?
12
Let z(k) = 3*k**2 + 2*k**3 + 49*k - 2*k**2 - 47*k + 0 + 2. Calculate z(-2).
-14
Let p(r) = -r**3 + 3*r**2 - r + 2. Suppose -15 = -4*z + 2*t + 49, 4*z = -4*t + 88. Let h = -14 + z. Suppose 0 = 5*o + 10, -2 = -h*l - 9*o + 4*o. Give p(l).
-1
Let c(k) = -2*k - 26. Let l(t) = -12*t**2 + 4*t + 6. Let b be l(-1). Give c(b).
-6
Suppose 0 = 6*c - 8*c - 14. Let k be c*(24/(-28) - 0). Let j(p) = p**3 - 7*p**2 + 7*p. Let d be j(k). Let u(t) = -t**2 + 7*t - 9. What is u(d)?
-3
Let l(t) be the third derivative of t**5/60 + 5*t**4/12 - t**3/3 + 2*t**2 - 6. Give l(-9).
-11
Let g(q) = -17*q + 76. Let p be g(4). Let j(f) = f**3 - 9*f**2 + 8*f + 1. Give j(p).
1
Let a(f) = -f - 8. Let d be a(-7). Let n(h) = -h**3 - 4*h**2 - 2*h - 5. Let w be n(-4). Let x(t) = 12*t**2 - w - 3*t + 3*t + 2 - 2*t. Determine x(d).
13
Let p(q) = 2*q**3 + 16*q**2 - 22*q - 25. Let g(x) = -x**3 - 8*x**2 + 12*x + 13. Let c(y) = -11*g(y) - 6*p(y). Determine c(-8).
7
Let w(h) = 3*h - 3. Suppose 3*b + b - 6 = -2*k, 3*k + b - 4 = 0. Let n be (4 - k) + -3 + -6. Calculate w(n).
-21
Let p be (-12)/(5 - 2) + 26. Suppose 6 = -4*m + p. Suppose 0 = 5*j - 5*a + 25, -m*a - 20 = 2*j - a. Let g(x) = x**2 + 6*x - 6. Calculate g(j).
1
Let g(m) = 20*m**3 - m**2 + m. Let t be g(1). Suppose 7*n = 3*n + t. Suppose 3*h + 24 = -w + 7, w - 23 = n*h. Let l(c) = -c - 1. What is l(w)?
1
Let y(k) = k + 2. Let u be y(10). Let c(o) = 4 - 4 - u*o**2 + 8*o**2 + o. Suppose p - 3*v = -7, 0 = 3*p - 5*v + 9 + 4. Give c(p).
-5
Suppose -4*g - 30 = -2*h, -2*h + 15 = -g + h. Let w(o) = -o**3 - 7*o**2 - 5*o + 5. What is w(g)?
-1
Suppose 7*p = 4*p + 12. Let s(w) = 3*w - 4. Let r(y) = -7*y + 3 - 4 + 5*y + 3*y. Let h(t) = 6*r(t) - 3*s(t). Calculate h(p).
-6
Let d(k) = -6*k**2 - 6*k + 25. Let z(q) = -2*q**2 - 2*q + 9. Let t(b) = -4*d(b) + 11*z(b). Give t(3).
23
Let b(t) = -9*t**2 - 2*t - 3. Let u(l) = -8*l**2 - 2*l - 2. Let j(y) = 5*b(y) - 6*u(y). Let r(f) = -3*f**2 - f + 2. Let a(p) = 3*j(p) + 4*r(p). Calculate a(1).
-2
Let h(g) be the first derivative of g**4/4 + 5*g**3/3 + 5*g**2/2 + 6*g + 174. Calculate h(-4).
2
Let n(l) = -l - 3. Let f be n(-2). Let b(q) be the third derivative of -19*q**5/60 - q**3/6 - 83*q**2 - 2*q. Give b(f).
-20
Let p(i) = -6*i + 7. Let z be (-1)/(8/42) + 48/192. What is p(z)?
37
Let v(k) be the second derivative of -k**4/12 + k**3 - k**2 + 13*k. Suppose a + 0*a - 5 = 0. Determine v(a).
3
Let o(w) = w**3 - 9*w**2 + w - 13. Let k be o(9). Let n be (2 + k + -1)*-1. Let a(d) = n + 3*d**2 - d**3 - 5*d + 5*d + 5*d. Give a(4).
7
Let a(d) = 6 - 8 - 2*d + d + 1. Suppose -5*g + 4*v + 26 = 0, g - 2*v - 9 = 1. Give a(g).
-3
Let k(l) = -l - 1. Let c(a) be the third derivative of 11*a**3/6 + 5*a**2. Let h(z) = -c(z) - 2*k(z). Give h(8).
7
Let o(i) = -29 - 27 - 3*i - 31 + 84 + 2*i. Determine o(-10).
7
Let w(n) = -15 - 7*n**2 + 0*n**2 + n**3 - 4 + 9. Determine w(7).
-10
Let t(y) = 3*y + 7*y**2 - 2 - y**2 - 9 - 2*y**3 + 16 + 3*y**3. Give t(-4).
25
Let v(t) be the third derivative of t**6/120 - t**5/20 - t**4/12 - 2*t**3/3 - 25*t**2. Suppose 0*w - w = -4. Calculate v(w).
4
Let w(n) be the first derivative of -n**3/3 - 6*n**2 - 21*n - 387. Calculate w(-9).
6
Let f(d) = 2*d**3 + 2*d**2 + 2*d + 3. Suppose 0 = -4*a + 1 - 9, -3*c + a + 14 = 0. Suppose -3*i - c*k - 10 = -0, 0 = k + 1. What is f(i)?
-9
Let v(l) = l**3 + 5*l**2 - 7*l - 2. Let h be v(-6). Suppose d = 2*f - h, -2*d - f = f + 14. Let z(r) = -r**3 - 7*r**2 - 7*r + 2. Give z(d).
8
Let l be (4 - (2 + 1))/(2/14). Suppose 2 = -l*t - 19. Let d(c) = 4 + 1 - c**2 - 3. Determine d(t).
-7
Let b(q) = 724 + 3*q**2 - 2*q**2 + 2*q - 727. What is b(-7)?
32
Let m(s) = s**2 - 17*s - 17. Suppose 0 = -465*c + 476*c - 198. Determine m(c).
1
Let h(i) = i - 6. Let g be h(12). Let t = 2 + g. Let a(m) = t + m - 3*m + m + m**3 - 3*m + 5*m**2. Give a(-6).
-4
Let b be (-4)/(-14) - ((-178)/14 + -6). Suppose 2 = 4*n + 5*f, b*n + 23 = 24*n - 4*f. Let x(g) = -g**3 + 3*g**2 - 2*g - 4. Determine x(n).
-10
Let a(v) = -v**3 + 0*v - 8 + 2 - 3*v**2 + 5*v - 3*v**2. Let g be 3 - (2/(-3))/((-8)/228). Let n = g - -9. What is a(n)?
8
Let i be ((-6)/(-4))/(4/16). Let f(u) = 1. Let c be 15/6*(-18)/(-15). Let a(q) = -q**2 + 6*q + 3. Let o(p) = c*f(p) - a(p). What is o(i)?
0
Let b(i) = i - 5. Suppose -4*s + 32 = -2*w, -4*s + 24 = -2*s + 3*w. Let v be b(s). Suppose u = -3*u - v. Let n(y) = -4*y**2 + 1. Determine n(u).
-3
Let w(p) = p**2 + 3*p**2 + 0*p**2 - p**3 + 3*p**2 + 8 - 9*p + 4. Give w(6).
-6
Let u be 6/9 - (-4)/(-6). Let t be (2 - -4)/(-3) - -4. Let y(q) = t - 18 + 1 + 5*q - 4*q. What is y(u)?
-15
Suppose -13*f + 6 = -11*f. Let v(j) = -4*j**2 - 25*j + 4*j**2 + 20*j + 2 + 4*j**2 - 3*j**2. What is v(f)?
-4
Let g(r) = -12*r**3 - 2*r**2 + 1. Let k = 1 - -5. Suppose 4*x = 2*p - 0*p - k, 3*p - 4 = x. Calculate g(x).
11
Let a = -30 + 33. Let t(v) = 10*v**3 - v + 3*v**3 - 1 + 8*v**a - 19*v**3. What is t(-1)?
-2
Let h(m) = -m**3 + 18*m**2 - 17*m + 9. Suppose l = -5*j + 22, j + 73 = 4*l + 6*j. Give h(l).
9
Let b(w) = 6*w - 16. Let t be b(3). Let p(z) = -14*z + 2. Calculate p(t).
-26
Let l(a) = a**2 + 6*a + 13. Let b = 462 - 465. Give l(b).
4
Let v(j) = -7*j + 47. Suppose -24*f = 6*f - 150. Determine v(f).
12
Let g(r) = -15*r - 1. Let d be g(1). Let b = 14 + d. Let q(n) = -n - 1. Let a be q(b). Let s(w) = -4*w + 1. What is s(a)?
-3
Suppose n - 3*a = 0, -3*n + 34 = 3*a + 22. Let f(s) = s**3 - 5*s**2 + 2*s + 7. Give f(n).
-5
Let j(q) = -12*q**2 - 2*q + 1072 - 540 - 531. Calculate j(1).
-13
Let z(q) = 2*q**2 - 9*q - 3. Suppose 93*i + 124 = 589. Calculate z(i).
2
Let b(a) = 3*a - 23 - 35 + 48. Let c be b(3). Let p(u) = -6*u + 1. Calculate p(c).
7
Let k be 7/21 - 22/(-6). Let q(b) = -1 + 2*b + 0*b**3 - k + 4 + 6*b**3. Give q(1).
7
Let v(m) = -1. Let k(q) = -8*q + 3 - 9*q + 19*q + 4. Suppose -